
What is the remainder when 47310 is divided by 1275?
135
Calculate the remainder when 6707 is divided by 273.
155
Calculate the remainder when 108212 is divided by 420.
272
Calculate the remainder when 42963 is divided by 62.
59
Calculate the remainder when 3157 is divided by 94.
55
What is the remainder when 14295 is divided by 194?
133
What is the remainder when 5716 is divided by 1891?
43
Calculate the remainder when 10121 is divided by 3.
2
What is the remainder when 93507 is divided by 31150?
57
Calculate the remainder when 15593 is divided by 65.
58
Calculate the remainder when 247908 is divided by 56.
52
What is the remainder when 6849 is divided by 1350?
99
Calculate the remainder when 25859 is divided by 25809.
50
What is the remainder when 93213 is divided by 233?
13
Calculate the remainder when 12266 is divided by 1676.
534
Calculate the remainder when 23534 is divided by 2596.
170
What is the remainder when 5723 is divided by 5710?
13
What is the remainder when 160488 is divided by 107?
95
Calculate the remainder when 13287 is divided by 1898.
1
What is the remainder when 79191 is divided by 143?
112
What is the remainder when 10729 is divided by 2666?
65
What is the remainder when 921297 is divided by 307097?
6
Calculate the remainder when 133376 is divided by 23.
22
Calculate the remainder when 317 is divided by 24.
5
Calculate the remainder when 101551 is divided by 3903.
73
Calculate the remainder when 1492 is divided by 18.
16
Calculate the remainder when 6471 is divided by 667.
468
What is the remainder when 39490 is divided by 101?
100
What is the remainder when 22399 is divided by 601?
162
Calculate the remainder when 46367 is divided by 414.
413
What is the remainder when 1288 is divided by 61?
7
What is the remainder when 1109 is divided by 80?
69
Calculate the remainder when 4288 is divided by 31.
10
Calculate the remainder when 60506 is divided by 338.
4
Calculate the remainder when 2288 is divided by 287.
279
Calculate the remainder when 32181 is divided by 16.
5
Calculate the remainder when 477 is divided by 62.
43
What is the remainder when 61820 is divided by 772?
60
Calculate the remainder when 8914 is divided by 92.
82
Calculate the remainder when 34166 is divided by 6.
2
Calculate the remainder when 3028 is divided by 61.
39
Calculate the remainder when 1455 is divided by 1327.
128
What is the remainder when 700 is divided by 36?
16
What is the remainder when 8186915 is divided by 444?
443
What is the remainder when 6360 is divided by 5089?
1271
What is the remainder when 158795 is divided by 401?
400
Calculate the remainder when 40030 is divided by 378.
340
What is the remainder when 759 is divided by 199?
162
What is the remainder when 9979 is divided by 149?
145
Calculate the remainder when 10098 is divided by 754.
296
What is the remainder when 3018 is divided by 954?
156
What is the remainder when 1508209 is divided by 22?
21
What is the remainder when 151123 is divided by 779?
776
What is the remainder when 2903 is divided by 61?
36
What is the remainder when 43800 is divided by 31?
28
Calculate the remainder when 38783 is divided by 143.
30
What is the remainder when 4925 is divided by 28?
25
What is the remainder when 8724 is divided by 37?
29
What is the remainder when 41744 is divided by 88?
32
Calculate the remainder when 1906 is divided by 320.
306
Calculate the remainder when 10237 is divided by 5104.
29
Calculate the remainder when 38204 is divided by 154.
12
What is the remainder when 15092 is divided by 1152?
116
What is the remainder when 2372 is divided by 240?
212
Calculate the remainder when 17646 is divided by 1173.
51
What is the remainder when 11035 is divided by 3041?
1912
What is the remainder when 67933 is divided by 352?
349
What is the remainder when 2068 is divided by 70?
38
What is the remainder when 172187 is divided by 62?
13
What is the remainder when 655 is divided by 94?
91
Calculate the remainder when 201784 is divided by 6.
4
What is the remainder when 61058 is divided by 33?
8
What is the remainder when 806 is divided by 389?
28
What is the remainder when 235497 is divided by 125?
122
What is the remainder when 54093 is divided by 184?
181
What is the remainder when 4422 is divided by 619?
89
What is the remainder when 7135 is divided by 223?
222
Calculate the remainder when 52111 is divided by 109.
9
What is the remainder when 98979 is divided by 14?
13
Calculate the remainder when 5055 is divided by 220.
215
What is the remainder when 359891 is divided by 2879?
16
What is the remainder when 7710009 is divided by 1309?
1308
What is the remainder when 43774 is divided by 425?
424
What is the remainder when 55800 is divided by 13946?
16
What is the remainder when 22370 is divided by 7418?
116
Calculate the remainder when 2035 is divided by 64.
51
Calculate the remainder when 79453 is divided by 16.
13
What is the remainder when 11452 is divided by 32?
28
What is the remainder when 88688 is divided by 733?
728
Calculate the remainder when 5242 is divided by 644.
90
What is the remainder when 852 is divided by 21?
12
Calculate the remainder when 29525 is divided by 8.
5
What is the remainder when 14584 is divided by 2400?
184
Calculate the remainder when 51657 is divided by 12910.
17
Calculate the remainder when 2363 is divided by 264.
251
Calculate the remainder when 515 is divided by 3.
2
What is the remainder when 9980 is divided by 256?
252
Calculate the remainder when 14397 is divided by 3480.
477
Calculate the remainder when 69194 is divided by 17291.
30
Calculate the remainder when 77753 is divided by 19432.
25
What is the remainder when 256034 is divided by 529?
527
Calculate the remainder when 160366 is divided by 3644.
30
Calculate the remainder when 12273 is divided by 99.
96
Calculate the remainder when 21078 is divided by 170.
168
What is the remainder when 8770 is divided by 623?
48
Calculate the remainder when 202511 is divided by 8.
7
What is the remainder when 7971 is divided by 731?
661
What is the remainder when 7131 is divided by 105?
96
What is the remainder when 14041 is divided by 1754?
9
Calculate the remainder when 1421 is divided by 52.
17
Calculate the remainder when 1895 is divided by 440.
135
What is the remainder when 46999 is divided by 28?
15
What is the remainder when 14364 is divided by 165?
9
What is the remainder when 418040 is divided by 21?
14
What is the remainder when 7407 is divided by 390?
387
Calculate the remainder when 13118 is divided by 142.
54
Calculate the remainder when 168648 is divided by 113.
52
What is the remainder when 1175613 is divided by 52?
49
What is the remainder when 15985 is divided by 14?
11
What is the remainder when 8850 is divided by 72?
66
Calculate the remainder when 20752 is divided by 277.
254
Calculate the remainder when 9238 is divided by 432.
166
What is the remainder when 13397 is divided by 209?
21
What is the remainder when 8660 is divided by 2768?
356
What is the remainder when 100897 is divided by 50?
47
What is the remainder when 65610 is divided by 183?
96
What is the remainder when 325647 is divided by 848?
15
Calculate the remainder when 124279 is divided by 99.
34
Calculate the remainder when 448932 is divided by 40811.
11
What is the remainder when 198174 is divided by 16?
14
What is the remainder when 315791 is divided by 258?
257
What is the remainder when 128789 is divided by 49?
17
What is the remainder when 18550 is divided by 32?
22
Calculate the remainder when 7013 is divided by 2336.
5
What is the remainder when 8179 is divided by 543?
34
What is the remainder when 8561 is divided by 1706?
31
Calculate the remainder when 581735 is divided by 10976.
7
What is the remainder when 16320 is divided by 610?
460
Calculate the remainder when 74838 is divided by 14956.
58
Calculate the remainder when 561 is divided by 479.
82
Calculate the remainder when 6017 is divided by 168.
137
Calculate the remainder when 10510 is divided by 840.
430
What is the remainder when 11687 is divided by 762?
257
Calculate the remainder when 520005 is divided by 418.
13
Calculate the remainder when 15767 is divided by 493.
484
What is the remainder when 651959 is divided by 181?
178
Calculate the remainder wh